 w - 24. What is the remainder when 46 is divided by w?
10
Suppose -4*k - 5 = -5*k. Suppose -2 = l - k. Suppose -l*b = 3*m - 156, -2*b + 49 - 1 = m. What is the remainder when m is divided by 29?
27
Suppose -14*x = 6*x - 10180. What is the remainder when x is divided by 64?
61
Let a be (-1 - 29)*(96/20 + 0). Let d = -130 - a. Calculate the remainder when 66 is divided by d.
10
Suppose -x - 4 = -3*x. Let r be 1968/66 + x/11. Let w = r - 11. Calculate the remainder when w is divided by 10.
9
Suppose 4*w + 3*s = 23, -31 = -3*w - 4*s - 5. Suppose -w*q + c = -c, 0 = -3*q - c + 12. What is the remainder when 10 is divided by q?
1
Suppose -2*n = -3*o + 2*o + 17, n - 23 = -4*o. Let k = -32 + 43. Calculate the remainder when k is divided by o.
4
Suppose -3*v + 3*w + 24 = -72, -3*v + 5*w = -92. What is the remainder when v is divided by 7?
6
What is the remainder when 177 is divided by 0 + 35 - (-8)/((-120)/75)?
27
Suppose 0 = -4*a - d + 98, -5*a + 2*d = -34 - 95. Calculate the remainder when a is divided by 24.
1
Let m(w) = 4*w**2 + 7*w - 8. What is the remainder when 106 is divided by m(3)?
8
Suppose 0 = -5*h - 0 + 10. Let s(k) = 0*k + 9*k - k**h + k + 2. Calculate the remainder when s(8) is divided by 10.
8
Let w(l) = -11*l**3 - 2*l**2 - l - 2. Let y(u) = -u**3 - u**2 + u - 1. Let i be y(1). Let f be w(i). Calculate the remainder when 13 is divided by (f/24)/(4/6).
3
Let t be 15*-2*1/(-2). Let x = 36 + t. Let u = -15 + 41. Calculate the remainder when x is divided by u.
25
Let x = -145 + 155. What is the remainder when x is divided by 6?
4
Let i(u) = -u**2 - u + 4. Let q be i(3). Let d(l) = -2*l + 8. Let b be d(q). Suppose -b = -v - 9. What is the remainder when 58 is divided by v?
13
Suppose -6 - 15 = 7*y. Calculate the remainder when 42 is divided by 9 - -1 - (5 + 18/y).
9
Let x = -45 + 48. Calculate the remainder when (2 + (-25)/(-15))*x is divided by 2.
1
Suppose -5*y + 32*q = 28*q - 601, 3*q - 105 = -y. What is the remainder when y is divided by 4?
1
Let z be 3 - 1/(2/6). Suppose 2*r + 6*x - 92 = 2*x, x - 5 = z. Suppose 3*a + j - 57 = -2*j, 2*a + 4*j = 38. Calculate the remainder when r is divided by a.
17
Let t(l) be the second derivative of -l**5/20 - 2*l**4 - 29*l**3/6 - 8*l**2 - 11*l. What is the remainder when t(-23) is divided by 31?
29
Let f be (-7)/((-2)/(2 - 0)). Let y(w) = -w**3 + 7*w**2 + 2*w + 6. What is the remainder when y(f) is divided by ((-1)/(-3))/((-4)/(-132))?
9
Let p = -1541 - -1691. What is the remainder when p is divided by 26?
20
Let g be (3/4)/(16/(-64)). Calculate the remainder when (g/(-6) + -2)/((-2)/124) is divided by 16.
13
Suppose -198 + 70 = -8*p. Calculate the remainder when 102 is divided by p.
6
Suppose 3*x - 5*q = 16, -4*q = -3*x - q + 12. Suppose a + x*u = 75, 5*a + 71 = -2*u + 446. Let g = a - 34. What is the remainder when g is divided by 22?
19
Suppose 683 = 1208*v - 1207*v. What is the remainder when v is divided by 12?
11
Let u be (-1 - 1) + (-390)/(-9 - -3). Suppose z + 2*z = u. What is the remainder when 59 is divided by z?
17
Let k = 11 - -3. What is the remainder when k is divided by 1426/310 + 2/5?
4
Let x = -260 + 286. Calculate the remainder when 61 is divided by x.
9
Let c be (8 - (0 - 0)) + 5 + -6. Suppose 3*s - 79 = -c. What is the remainder when 69 is divided by s?
21
Let i = 10 + 18. Calculate the remainder when 3 - 0 - 7/(i/(-304)) is divided by 20.
19
Let k = 867 + -836. Calculate the remainder when 56 is divided by k.
25
Let t = 31 - 8. Suppose 2*k - 3*d + 10 = -3, -3*k - 4*d = -t. What is the remainder when 3 is divided by (-1*(0 - k))/1?
0
Suppose 192 = -99*h + 102*h. What is the remainder when 127 is divided by h?
63
Let u be 37 + ((-6)/(-3))/(-1). Suppose -3*t + u = 5. Calculate the remainder when 27 is divided by t.
7
Suppose 0*r + r = 2*p + 10, -3*p = 0. Suppose -30 - 60 = -r*y. What is the remainder when 31 is divided by y?
4
What is the remainder when 79 is divided by 30/(-36) + (-642)/(-72)*2?
11
Let f be (-54)/(-7) + 4/14. Suppose -3*a = -23 - 4. Let u = f + a. Calculate the remainder when 49 is divided by u.
15
Let r(j) = j**3 - 7*j**2 - 11*j + 35. Calculate the remainder when 60 is divided by r(8).
5
Let u = -457 + 478. Let z = 220 + -75. What is the remainder when z is divided by u?
19
Let s be 2 + 27/(-15) + 189/5. Suppose 18 = 5*z - 2*o, 2 = z - 0*z - 2*o. Suppose s = z*b - 54. Calculate the remainder when 43 is divided by b.
20
Suppose -p + 26 = 5*x, -4*p + 0*x + x = 1. Calculate the remainder when (p/(2/82) - -2) + -1 is divided by 23.
19
Let g(c) = 10*c**3 - c**2 + 2*c - 1. What is the remainder when (-676)/(-28) - 56/49 is divided by g(1)?
3
Let n(o) = 86*o. Let b be n(1). Suppose 2*l - b = -2. What is the remainder when l is divided by 15?
12
Let i(p) = -p - 9. Let v(n) = 8. Let d(j) = 5*i(j) + 6*v(j). Suppose -740 = -34*b + 722. Calculate the remainder when b is divided by d(-4).
20
Let j = -314 - -28. Calculate the remainder when (j/39)/(2/3)*-2 is divided by 9.
4
Let q(d) = -d**3 + 17*d**2 - 19*d - 126. Calculate the remainder when q(14) is divided by 40.
36
Suppose 4*v + 8*v = 2172. Calculate the remainder when v is divided by 48.
37
Let z = 269 - 254. Suppose 4*w - 177 = w. What is the remainder when w is divided by z?
14
Let a = 28 + 16. Let l = -33 + a. Calculate the remainder when 29 is divided by l.
7
Let c be 1 - 2*3/(-6). Suppose -4*j + h = -32, 0 = c*j - 2*h + 2 - 12. What is the remainder when 20/30 + 146/6 is divided by j?
7
Suppose -28*v + 726 = -27*v. Calculate the remainder when v is divided by 81.
78
Let f = -17 + 22. Suppose -2*k + v = 0, 24 = -0*k - 2*k - f*v. Let u = 0 - k. What is the remainder when 5 is divided by u?
1
Let g(j) = -6 + j**2 + 0*j + 2*j + 4*j - 9*j. Let s be g(5). Suppose -3*c = -s*c + 50. Calculate the remainder when c is divided by 17.
16
Let j(c) = 2*c**3 - 16*c**2 + 12*c + 19. Calculate the remainder when 22 is divided by j(7).
2
Let y be 8/(-12) + (122/(-3))/(-1). Let j be 44 - (-1 + -1 + 3). Let p = j - y. Calculate the remainder when 3 is divided by p.
0
Let b(v) = -v**3 - 5*v**2 - 4*v + 18. What is the remainder when b(-6) is divided by 29 - (1 - -3)/2?
24
Calculate the remainder when 119 is divided by 96 + -48 - 8/2.
31
Let x(s) be the third derivative of -s**6/120 - 2*s**5/15 - s**4/12 - s**3/3 - 7*s**2. What is the remainder when x(-8) is divided by 1/3 - 69/(-9)?
6
Suppose 4*x - 120 = -2*z, -2*x + 83 = 2*z - 39. Suppose 0 = 4*g - 11*g + 91. What is the remainder when z is divided by g?
10
Let c be (4 - (3 + -1)) + -2. Suppose c = -2*q + 6*q - 24. Suppose 3*g = -3*f + 117, 0 = -g - g - q. Calculate the remainder when f is divided by 11.
9
Let r = 208 + -35. Calculate the remainder when r is divided by 36.
29
Let f = -326 + 363. Calculate the remainder when 140 is divided by f.
29
Let d(k) = -k**2 + 11*k + 74. What is the remainder when 238 is divided by d(13)?
46
Let u = 324 - 321. Suppose 0*z + z = 11. What is the remainder when z is divided by u?
2
Let l be ((-842)/(-10))/(20/100). Let t = l + -262. Calculate the remainder when t is divided by 16.
15
Let s = 80 + -49. Let t be (-474)/(-15) + (-4)/(-10). Let m = t + -21. What is the remainder when s is divided by m?
9
Suppose 5*c - 1742 = 4*i, i = -c + 4*c - 1041. What is the remainder when c is divided by 29?
27
Let t(j) = -j**3 + 2*j**2 - j - 18. Let w be t(-5). Suppose -w = -5*f - 87. Let i(o) = 7*o**2 - 3*o. Calculate the remainder when i(-3) is divided by f.
12
Let g(j) = -j**2 - 8*j + 7. Calculate the remainder when 171 is divided by g(-5).
17
Let o(g) = -60*g + 205. What is the remainder when 119 is divided by o(3)?
19
Let v = 4885 - 1510. Calculate the remainder when v is divided by 8.
7
Let k(j) be the second derivative of 11*j**3/6 - 23*j**2/2 - 21*j. What is the remainder when k(7) is divided by 8?
6
Let o = 240 - 202. What is the remainder when o is divided by 2?
0
Let l = -102 + 111. Let k = l + 14. Calculate the remainder when 86 is divided by k.
17
Let a(n) = n**3 + n**2 - 8*n - 6. Let s be a(-5). Let u = 83 - 67. What is the remainder when (-5)/((-10)/(-6)) - s is divided by u?
15
Let o = -15 - -31. Let u = 116 + -54. Calculate the remainder when u is divided by o.
14
What is the remainder when (-16)/80 + (-462)/(-10) is divided by 10?
6
Let v(o) = o